{"id":1627,"date":"2025-12-02T13:37:55","date_gmt":"2025-12-02T13:37:55","guid":{"rendered":"https:\/\/alampron.com\/?post_type=product&#038;p=1627"},"modified":"2025-12-02T13:37:55","modified_gmt":"2025-12-02T13:37:55","slug":"ressentir-linfini-vendue","status":"publish","type":"product","link":"https:\/\/alampron.com\/english\/product\/ressentir-linfini-vendue\/","title":{"rendered":"\u00abRessentir l'infini\u00bb VENDUE"},"content":{"rendered":"<p>Ressentir l'infini<br \/>\nEt laisser l'\u00e9nergie couler entre nous<br \/>\nComme une cascade jumelle<\/p>\n<p>Saisir l'orang\u00e9 du soleil avant l'aube<br \/>\nComme une vitamine dor\u00e9e<\/p>\n<p>&nbsp;<\/p>\n<p>\u00abRessentir l'infini\u00bb est peinte \u00e0 l'huile avec pigments naturels tels que du charbon et de l'argile grise<br \/>\nOn peut y d\u00e9couvrir un extrait de po\u00e9sie et une touche de broderie sur le canevas de toile style Galerie<br \/>\nSon format est de 10 x 10 pouces<\/p>\n<p>&nbsp;<\/p>\n<p class=\"translation-block\">11 trees will be planted for this work and 3% of its value will be donated to a wildlife protection organization.\nFree delivery by electric car if you live within a one-hour radius of Berthier-Sur-Mer<\/p>\n<p>&nbsp;<\/p>\n<p>Vous pouvez acqu\u00e9rir \u00abRessentir l'infini\u00bb ici ou en me contactant via alampronartiste@gmail.com \/ 418 554-0662<br \/>\nSi vous aimeriez d\u00e9couvrir les oeuvres disponibles en atelier, \u00e9crivez-moi et nous prendrons rendez-vous avec joie!<\/p>","protected":false},"excerpt":{"rendered":"<p>Ressentir l'infini Et laisser l'\u00e9nergie couler entre nous Comme une cascade jumelle Saisir l'orang\u00e9 du soleil avant l'aube Comme une vitamine dor\u00e9e &nbsp; \u00abRessentir l'infini\u00bb est peinte \u00e0 l'huile avec pigments naturels tels que du charbon et de l'argile grise On peut y d\u00e9couvrir un extrait de po\u00e9sie et une touche de broderie sur le [&hellip;]<\/p>\n","protected":false},"featured_media":1752,"comment_status":"open","ping_status":"closed","template":"","meta":{"_acf_changed":false,"_monsterinsights_skip_tracking":false,"_monsterinsights_sitenote_active":false,"_monsterinsights_sitenote_note":"","_monsterinsights_sitenote_category":0},"product_brand":[],"product_cat":[29],"product_tag":[],"class_list":{"0":"post-1627","1":"product","2":"type-product","3":"status-publish","4":"has-post-thumbnail","6":"product_cat-collection-des-fetes","8":"first","9":"outofstock","10":"sold-individually","11":"taxable","12":"shipping-taxable","13":"purchasable","14":"product-type-simple"},"acf":[],"aioseo_notices":[],"jetpack_sharing_enabled":true,"_links":{"self":[{"href":"https:\/\/alampron.com\/english\/wp-json\/wp\/v2\/product\/1627","targetHints":{"allow":["GET"]}}],"collection":[{"href":"https:\/\/alampron.com\/english\/wp-json\/wp\/v2\/product"}],"about":[{"href":"https:\/\/alampron.com\/english\/wp-json\/wp\/v2\/types\/product"}],"replies":[{"embeddable":true,"href":"https:\/\/alampron.com\/english\/wp-json\/wp\/v2\/comments?post=1627"}],"wp:featuredmedia":[{"embeddable":true,"href":"https:\/\/alampron.com\/english\/wp-json\/wp\/v2\/media\/1752"}],"wp:attachment":[{"href":"https:\/\/alampron.com\/english\/wp-json\/wp\/v2\/media?parent=1627"}],"wp:term":[{"taxonomy":"product_brand","embeddable":true,"href":"https:\/\/alampron.com\/english\/wp-json\/wp\/v2\/product_brand?post=1627"},{"taxonomy":"product_cat","embeddable":true,"href":"https:\/\/alampron.com\/english\/wp-json\/wp\/v2\/product_cat?post=1627"},{"taxonomy":"product_tag","embeddable":true,"href":"https:\/\/alampron.com\/english\/wp-json\/wp\/v2\/product_tag?post=1627"}],"curies":[{"name":"wp","href":"https:\/\/api.w.org\/{rel}","templated":true}]}}