{"id":10,"date":"2021-09-21T21:06:58","date_gmt":"2021-09-21T21:06:58","guid":{"rendered":"http:\/\/alampronartiste.volcan.design\/?page_id=10"},"modified":"2025-11-27T19:14:52","modified_gmt":"2025-11-27T19:14:52","slug":"accueil","status":"publish","type":"page","link":"https:\/\/alampron.com\/english\/","title":{"rendered":"ACCUEIL"},"content":{"rendered":"\n\t\t<div id=\"-ou_video-122-10\" class=\"oxy-ou-video oxy-ultimate-element\" ><div class=\"ou-video-wrapper ouv-69d425f0d6460115098846 ouv-ar-169\"><div class=\"ou-aspect-ratio\">\t\t<video class=\"ou-video-player ou-video-iframe\" src=\"https:\/\/alampron.com\/wp-content\/uploads\/Video\/video-baniere-fb.mov\" autoplay=\"\" webkit-playsinline=\"\" playsinline=\"\" loop=\"\" muted=\"muted\"><\/video>\n\t\t<\/div><\/div><\/div>\n\n\t\t<div id=\"div_block-23-10\" class=\"ct-div-block\" ><div id=\"div_block-15-10\" class=\"ct-div-block\" ><img decoding=\"async\"  id=\"image-17-10\" alt=\"\" src=\"https:\/\/alampron.com\/wp-content\/uploads\/2021\/09\/les-mains.jpg\" class=\"ct-image\"\/><\/div><section id=\"section-35-10\" class=\" ct-section\" ><div class=\"ct-section-inner-wrap\"><div id=\"div_block-12-10\" class=\"ct-div-block\" ><div id=\"div_block-64-10\" class=\"ct-div-block\" ><h1 id=\"headline-8-10\" class=\"ct-headline h1\">\u201c Peindre mes paysages sauvages avec des \u00e9motions tendres \u201d<\/h1><a id=\"link_button-10-10\" class=\"ct-link-button btn outline green\" href=\"https:\/\/alampron.com\/les-oeuvres\/\" target=\"_self\"  >D\u00c9couvrir l'univers<\/a><\/div><\/div><div id=\"div_block-68-10\" class=\"ct-div-block\" ><img decoding=\"async\"  id=\"image-69-10\" alt=\"\" src=\"https:\/\/alampron.com\/wp-content\/uploads\/2021\/09\/les-mains.jpg\" class=\"ct-image\"\/><\/div><div id=\"div_block-20-10\" class=\"ct-div-block\" ><div id=\"_rich_text-22-10\" class=\"oxy-rich-text\" ><p>A Lampron est une artiste &eacute;cologique Canadienne.<\/p>\n<p>Vivant de son art, elle est repre\u0301sente\u0301e en Galeries depuis l'a\u0302ge de 22 ans. On retrouve ses peintures aux quatre coins du monde, notamment en Europe, Asie, Ame\u0301rique du Nord et en Afrique.<\/p>\n<p>&nbsp;<\/p>\n<p>&nbsp;&laquo; Je cr&eacute;e mes oeuvres &agrave; la mani&egrave;re d'un parfum, <br \/>pour qu'elles se d&eacute;voilent doucement sous vos yeux, formant une symphonie de d&eacute;tails et couleurs.&nbsp;<br \/><br \/>- &Agrave; commencer par la note de t&ecirc;te ; <br \/>Le grand contraste des tons, le relief du feuillage, les textures min&eacute;rales<br \/><br \/>- La note de c&oelig;ur ; <br \/>la po&eacute;sie, mon amour de la nature, mes gestes environnementaux qui en t&eacute;moignent<br \/><br \/>- Et la note de base ; <br \/>L'odeur terreuse subtile des pigments naturels, le velout&eacute; de l'huile, la touche de fil &raquo;&nbsp;<\/p><\/div><\/div><\/div><\/section><\/div><section id=\"section-54-10\" class=\" ct-section alt-bg-color\" ><div class=\"ct-section-inner-wrap\"><h2 id=\"headline-55-10\" class=\"ct-headline atomic-secondary-heading\">Elle sera d\u00e9voil\u00e9e le 8 d\u00e9cembre!<\/h2><h1 id=\"headline-71-10\" class=\"ct-headline h2\">Collection annuelle \u00abLes Minuscules des f\u00eates\u00bb<\/h1>\n\t\t<div id=\"-ouacfg_slider-114-10\" class=\"oxy-ouacfg-slider oxy-ultimate-element ouacfg-slider-wrapper\" >\t\t\t<div data-slider-lightbox=\"no\" class=\"ouacfg-slider ouacfg-slider-ouacfg69d425f0d9a2f519611749 swiper-container ouacfg-navigation-outside\" data-sld-uid=\"ouacfg69d425f0d9a2f519611749\">\n\t\t\t\t<div class=\"swiper-wrapper auto-height-no\">\n\t\t\t\t\t\t\t\t\t\t<div class=\"swiper-slide ouacfg-slider-item\"> <!--ouacfg-slider-item-->\n\t\t\t\t\t\t<a href=\"https:\/\/alampron.com\/wp-content\/uploads\/2025\/11\/Grateful-side3-scaled.jpg\" data-effect=\"mfp-zoom-in\" aria-label=\"Grateful side3\"  >\t\t\t\t\t\t\t\t\t\t\t\t\t<div class=\"ougsld-img ouacfg-slider-image-container\" style=\"background-image:url(https:\/\/alampron.com\/wp-content\/uploads\/2025\/11\/Grateful-side3-scaled.jpg)\"><\/div>\n\t\t\t\t\t\t\t\t\t\t\t\t\n\t\t\t\t\t\t\n\t\t\t\t\t\t<\/a>\t\t\t\t\t<\/div>\n\t\t\t\t\t\t\t\t\t\t<div class=\"swiper-slide ouacfg-slider-item\"> <!--ouacfg-slider-item-->\n\t\t\t\t\t\t<a href=\"https:\/\/alampron.com\/wp-content\/uploads\/2025\/11\/Lelegance-angle-scaled.jpg\" data-effect=\"mfp-zoom-in\" aria-label=\"L&#039;e\u0301le\u0301gance angle\"  >\t\t\t\t\t\t\t\t\t\t\t\t\t<div class=\"ougsld-img ouacfg-slider-image-container\" style=\"background-image:url(https:\/\/alampron.com\/wp-content\/uploads\/2025\/11\/Lelegance-angle-scaled.jpg)\"><\/div>\n\t\t\t\t\t\t\t\t\t\t\t\t\n\t\t\t\t\t\t\n\t\t\t\t\t\t<\/a>\t\t\t\t\t<\/div>\n\t\t\t\t\t\t\t\t\t\t<div class=\"swiper-slide ouacfg-slider-item\"> <!--ouacfg-slider-item-->\n\t\t\t\t\t\t<a href=\"https:\/\/alampron.com\/wp-content\/uploads\/2025\/11\/Mystique-angle-scaled.jpg\" data-effect=\"mfp-zoom-in\" aria-label=\"Mystique angle\"  >\t\t\t\t\t\t\t\t\t\t\t\t\t<div class=\"ougsld-img ouacfg-slider-image-container\" style=\"background-image:url(https:\/\/alampron.com\/wp-content\/uploads\/2025\/11\/Mystique-angle-scaled.jpg)\"><\/div>\n\t\t\t\t\t\t\t\t\t\t\t\t\n\t\t\t\t\t\t\n\t\t\t\t\t\t<\/a>\t\t\t\t\t<\/div>\n\t\t\t\t\t\t\t\t\t\t<div class=\"swiper-slide ouacfg-slider-item\"> <!--ouacfg-slider-item-->\n\t\t\t\t\t\t<a href=\"https:\/\/alampron.com\/wp-content\/uploads\/2025\/11\/Irradier-angle-scaled.jpg\" data-effect=\"mfp-zoom-in\" aria-label=\"Irradier angle\"  >\t\t\t\t\t\t\t\t\t\t\t\t\t<div class=\"ougsld-img ouacfg-slider-image-container\" style=\"background-image:url(https:\/\/alampron.com\/wp-content\/uploads\/2025\/11\/Irradier-angle-scaled.jpg)\"><\/div>\n\t\t\t\t\t\t\t\t\t\t\t\t\n\t\t\t\t\t\t\n\t\t\t\t\t\t<\/a>\t\t\t\t\t<\/div>\n\t\t\t\t\t\t\t\t\t\t<div class=\"swiper-slide ouacfg-slider-item\"> <!--ouacfg-slider-item-->\n\t\t\t\t\t\t<a href=\"https:\/\/alampron.com\/wp-content\/uploads\/2025\/11\/Iscra-haut-scaled.jpg\" data-effect=\"mfp-zoom-in\" aria-label=\"Iscra haut\"  >\t\t\t\t\t\t\t\t\t\t\t\t\t<div class=\"ougsld-img ouacfg-slider-image-container\" style=\"background-image:url(https:\/\/alampron.com\/wp-content\/uploads\/2025\/11\/Iscra-haut-scaled.jpg)\"><\/div>\n\t\t\t\t\t\t\t\t\t\t\t\t\n\t\t\t\t\t\t\n\t\t\t\t\t\t<\/a>\t\t\t\t\t<\/div>\n\t\t\t\t\t\t\t\t\t\t<div class=\"swiper-slide ouacfg-slider-item\"> <!--ouacfg-slider-item-->\n\t\t\t\t\t\t<a href=\"https:\/\/alampron.com\/wp-content\/uploads\/2025\/11\/Notre-amour-angle-scaled.jpg\" data-effect=\"mfp-zoom-in\" aria-label=\"Notre amour angle\"  >\t\t\t\t\t\t\t\t\t\t\t\t\t<div class=\"ougsld-img ouacfg-slider-image-container\" style=\"background-image:url(https:\/\/alampron.com\/wp-content\/uploads\/2025\/11\/Notre-amour-angle-scaled.jpg)\"><\/div>\n\t\t\t\t\t\t\t\t\t\t\t\t\n\t\t\t\t\t\t\n\t\t\t\t\t\t<\/a>\t\t\t\t\t<\/div>\n\t\t\t\t\t\t\t\t\t<\/div>\n\n\t\t\t\t\t\t\t\t\t\t\t\t\t\t\t\t<\/div>\n\n\t\t\t\t\t\t\t\t\t\t\t\t<div class=\"ou-swiper-button ou-swiper-button-prev\">\n\t\t\t\t\t\t<svg><use xlink:href=\"#Lineariconsicon-chevron-left\"><\/use><\/svg>\n\t\t\t\t\t<\/div>\n\t\t\t\t\t<svg xmlns=\"http:\/\/www.w3.org\/2000\/svg\" xmlns:xlink=\"http:\/\/www.w3.org\/1999\/xlink\" style=\"position: absolute; width: 0; height: 0; overflow: hidden;\" version=\"1.1\"><defs><symbol id=\"Lineariconsicon-chevron-left\" viewBox=\"0 0 20 20\"><title>chevron-left<\/title><path class=\"path1\" d=\"M14 20c0.128 0 0.256-0.049 0.354-0.146 0.195-0.195 0.195-0.512 0-0.707l-8.646-8.646 8.646-8.646c0.195-0.195 0.195-0.512 0-0.707s-0.512-0.195-0.707 0l-9 9c-0.195 0.195-0.195 0.512 0 0.707l9 9c0.098 0.098 0.226 0.146 0.354 0.146z\"\/><\/symbol><\/defs><\/svg>\n\t\t\t\t\t\t\t\t\t<div class=\"ou-swiper-button ou-swiper-button-next\"><svg><use xlink:href=\"#Lineariconsicon-chevron-right\"><\/use><\/svg><\/div>\n\n\t\t\t\t\t<svg xmlns=\"http:\/\/www.w3.org\/2000\/svg\" xmlns:xlink=\"http:\/\/www.w3.org\/1999\/xlink\" style=\"position: absolute; width: 0; height: 0; overflow: hidden;\" version=\"1.1\"><defs><symbol id=\"Lineariconsicon-chevron-right\" viewBox=\"0 0 20 20\"><title>chevron-right<\/title><path class=\"path1\" d=\"M5 20c-0.128 0-0.256-0.049-0.354-0.146-0.195-0.195-0.195-0.512 0-0.707l8.646-8.646-8.646-8.646c-0.195-0.195-0.195-0.512 0-0.707s0.512-0.195 0.707 0l9 9c0.195 0.195 0.195 0.512 0 0.707l-9 9c-0.098 0.098-0.226 0.146-0.354 0.146z\"\/><\/symbol><\/defs><\/svg>\n\t\t\t\t\t\t\t\t\t\t\t\n\t\t\t<\/div>\n\n\t\t<a id=\"link_button-116-10\" class=\"ct-link-button btn outline blue\" href=\"https:\/\/alampron.com\/product-category\/cadeaux\/\"   >D\u00c9COUVRIR LA COLLECTION<\/a><\/div><\/section><section id=\"section-41-10\" class=\" ct-section\" ><div class=\"ct-section-inner-wrap\"><div id=\"div_block-44-10\" class=\"ct-div-block\" ><h2 id=\"headline-45-10\" class=\"ct-headline h2\">Ensemble, on vient en aide aux \u00e9cosyst\u00e8mes en souffrance.<\/h2><div id=\"_rich_text-46-10\" class=\"oxy-rich-text\" ><p>En acquierant une oeuvre cette ann&eacute;e, vous permettrez la plantation de 11 arbres indig&egrave;nes et 3% de sa valeur seront vers&eacute;s &agrave; un organisme de la protection de la faune.<\/p><\/div><\/div><div id=\"div_block-48-10\" class=\"ct-div-block\" ><div id=\"div_block-52-10\" class=\"ct-div-block\" ><img decoding=\"async\"  id=\"image-51-10\" alt=\"\" src=\"\/wp-content\/uploads\/2021\/09\/les-mains.jpg\" class=\"ct-image\"\/><div id=\"div_block-120-10\" class=\"ct-div-block\" ><h1 id=\"headline-53-10\" class=\"ct-headline counter\"><span id=\"span-119-10\" class=\"ct-span\" ><\/span><\/h1><div id=\"text_block-121-10\" class=\"ct-text-block\" ><div>Arbres plant\u00e9s&nbsp;<span style=\"background-color: transparent;\">jusqu\u2019\u00e0 maintenant<\/span><\/div><\/div><\/div><\/div><\/div><\/div><\/section><section id=\"section-72-10\" class=\" ct-section alt-bg-color\" ><div class=\"ct-section-inner-wrap\"><h2 id=\"headline-73-10\" class=\"ct-headline atomic-secondary-heading\">BLOG<\/h2><h1 id=\"headline-74-10\" class=\"ct-headline h2\">D\u00e9couvrez le monde derri\u00e8re mon travail!<\/h1><div id=\"div_block-124-10\" class=\"ct-div-block\" ><\/div>        \n                <div id=\"_posts_grid-75-10\" class='oxy-easy-posts oxy-posts-grid' >\n                                    <div class='oxy-posts'>\n                     <div class='oxy-post'>\n  \n    <a class='oxy-post-image' href='https:\/\/alampron.com\/english\/nouvelle-demarche-peinture-naturelle-et-fil\/'>\n     \t\n\t\t      <div class='oxy-post-image-fixed-ratio' style='background-image: url(https:\/\/alampron.com\/wp-content\/uploads\/2023\/04\/DSC07368-scaled.jpg);'>\n      <\/div>\n      \n     \n      \n\t<\/a>\n   <div class='date'>\n\t\tMay 31, 2023\t  <\/div>\n\t<a class='oxy-post-title' href='https:\/\/alampron.com\/english\/nouvelle-demarche-peinture-naturelle-et-fil\/'>Nouvelle D\u00e9marche : Peinture Naturelle et Fil<\/a>\n\n\t<div class='oxy-post-meta'>\n\n\t<\/div>\n\n\t<div class='oxy-post-content'>\n\t\t<p>Mes sources d\u2019inspiration sont n\u00e9es d\u2019un grand amour de la nature\u00a0: un arbre solitaire, le ciel sous tous ses \u00e9tats, l\u2019\u00e9nergie de la flore, les ph\u00e9nom\u00e8nes m\u00e9t\u00e9orologiques, les reliefs et les textures d\u2019un paysage remplissent tous ses cahiers de croquis. \u00c7a prend tout son sens avec une technique qui respecte d'autant plus l'environnement, avec attention [&hellip;]<\/p>\n\t<\/div>\n\n\t<a href='https:\/\/alampron.com\/english\/nouvelle-demarche-peinture-naturelle-et-fil\/' class='oxy-read-more'>LIRE<\/a>\n\n<\/div> <div class='oxy-post'>\n  \n    <a class='oxy-post-image' href='https:\/\/alampron.com\/english\/pourquoi-planter-des-arbres\/'>\n     \t\n\t\t      <div class='oxy-post-image-fixed-ratio' style='background-image: url(https:\/\/alampron.com\/wp-content\/uploads\/2021\/09\/Arbes_Carre-scaled.jpg);'>\n      <\/div>\n      \n     \n      \n\t<\/a>\n   <div class='date'>\n\t\tNovember 1, 2021\t  <\/div>\n\t<a class='oxy-post-title' href='https:\/\/alampron.com\/english\/pourquoi-planter-des-arbres\/'>Pourquoi planter des arbres et prot\u00e9ger la faune?<\/a>\n\n\t<div class='oxy-post-meta'>\n\n\t<\/div>\n\n\t<div class='oxy-post-content'>\n\t\t<p>Depuis que je suis toute petite, la nature est un endroit pr\u00e9cieux o\u00f9 je peux jouer, me reposer, r\u00e9fl\u00e9chir ou me vider la t\u00eate, bref, me retrouver. Elle est ma source d\u2019inspiration la plus \u00e9nergisante et la beaut\u00e9 de  ...<\/p>\n\t<\/div>\n\n\t<a href='https:\/\/alampron.com\/english\/pourquoi-planter-des-arbres\/' class='oxy-read-more'>LIRE<\/a>\n\n<\/div> <div class='oxy-post'>\n  \n    <a class='oxy-post-image' href='https:\/\/alampron.com\/english\/demarche\/'>\n     \t\n\t\t      <div class='oxy-post-image-fixed-ratio' style='background-image: url(https:\/\/alampron.com\/wp-content\/uploads\/2021\/09\/Demarche_Carre-scaled.jpg);'>\n      <\/div>\n      \n     \n      \n\t<\/a>\n   <div class='date'>\n\t\tOctober 11, 2021\t  <\/div>\n\t<a class='oxy-post-title' href='https:\/\/alampron.com\/english\/demarche\/'>Ancienne D\u00e9marche sur Aluminium<\/a>\n\n\t<div class='oxy-post-meta'>\n\n\t<\/div>\n\n\t<div class='oxy-post-content'>\n\t\t<p>Sur mon canevas, on retrouve un jeu de lumi\u00e8re en constant mouvement selon le cycle du soleil.<br \/>\nL\u2019aluminium n\u2019est effectivement pas un mat\u00e9riau qui a \u00e9t\u00e9 choisi au hasard. Ses nombreuses caract\u00e9ristiques en font peut-\u00eatre un canevas capricieux ...<\/p>\n\t<\/div>\n\n\t<a href='https:\/\/alampron.com\/english\/demarche\/' class='oxy-read-more'>LIRE<\/a>\n\n<\/div>                <\/div>\n                                            <\/div>\n                <a id=\"link_button-76-10\" class=\"ct-link-button btn outline blue\" href=\"https:\/\/alampron.com\/blog\/\"   >Tous les articles<\/a><\/div><\/section><div id=\"code_block-118-10\" class=\"ct-code-block\" ><\/div><div id=\"code_block-125-10\" class=\"ct-code-block\" ><div id=\"wid_1755016300285\"><\/div>\n<script>\nsc = document.createElement(\"script\");\nsc.setAttribute(\"defer\",true);\nsc.setAttribute(\"src\",\"https:\/\/dbwx2z9xa7qt9.cloudfront.net\/bundle.js?cachebust=1755016300285\");\nsc.setAttribute(\"theme\",\"light\");\nsc.setAttribute(\"footer\", \"true\"); \nsc.setAttribute(\"widget-type\",\"carousel\");\nsc.setAttribute(\"token\",\"671aa674ec0b4f8619ad6df2\");\nsc.setAttribute('apiurl', \"https:\/\/server.onlinereviews.tech\/api\/v0.0.9\");\nsc.setAttribute('stats',\"true\");\nsc.setAttribute('addReview',\"true\");\nsc.setAttribute('profile-pic',\"true\");\nsc.setAttribute('review-name',\"true\");\nsc.setAttribute('positive-stars',\"true\");\nsc.setAttribute('wl', \"true\");\nsc.setAttribute('wlndig', \"https:\/\/go.rankjump.ca\/am\u00e9lie-lampron\");\nsc.setAttribute('lang', \"fr\");\nsc.setAttribute('brandStyle', \"%7B%22sidebar_background%22%3A%22%233871C1%22%2C%22sidebar_text%22%3A%22white%22%2C%22brand_button_text_color%22%3A%22white%22%2C%22brand_main_color%22%3A%22%233871C1%22%2C%22brand_button_border_radius%22%3A%2216px%22%2C%22brand_sidebar_text_color_opacity%22%3A%22%23ffffff1a%22%2C%22brand_button_hover%22%3A%22rgb(82%2C%20133%2C%20205)%22%2C%22brand_button_active%22%3A%22rgb(48%2C%2096%2C%20164)%22%2C%22brand_main_color_opacity%22%3A%22%233871C11a%22%2C%22brand_font%22%3A%22Montserrat%22%2C%22star_color%22%3A%22%233871C1%22%2C%22brand_main_background%22%3A%22%23FBF8F6%22%2C%22brand_card_background%22%3A%22white%22%2C%22poweredByLink%22%3A%22https%3A%2F%2Frankjump.ca%22%2C%22poweredicon%22%3A%22https%3A%2F%2Frecensioni-io-static-folder.s3.eu-central-1.amazonaws.com%2Fpublic_onlinereviews%2Fapp.rankjump.ca%2Fpowered.png%22%7D\");\ndocument.getElementById(\"wid_1755016300285\").appendChild(sc);\n<\/script><\/div>","protected":false},"excerpt":{"rendered":"","protected":false},"author":1,"featured_media":0,"parent":0,"menu_order":0,"comment_status":"closed","ping_status":"closed","template":"","meta":{"_acf_changed":false,"_monsterinsights_skip_tracking":false,"_monsterinsights_sitenote_active":false,"_monsterinsights_sitenote_note":"","_monsterinsights_sitenote_category":0,"footnotes":""},"class_list":["post-10","page","type-page","status-publish","hentry"],"acf":[],"aioseo_notices":[],"jetpack_sharing_enabled":true,"_links":{"self":[{"href":"https:\/\/alampron.com\/english\/wp-json\/wp\/v2\/pages\/10","targetHints":{"allow":["GET"]}}],"collection":[{"href":"https:\/\/alampron.com\/english\/wp-json\/wp\/v2\/pages"}],"about":[{"href":"https:\/\/alampron.com\/english\/wp-json\/wp\/v2\/types\/page"}],"author":[{"embeddable":true,"href":"https:\/\/alampron.com\/english\/wp-json\/wp\/v2\/users\/1"}],"replies":[{"embeddable":true,"href":"https:\/\/alampron.com\/english\/wp-json\/wp\/v2\/comments?post=10"}],"version-history":[{"count":37,"href":"https:\/\/alampron.com\/english\/wp-json\/wp\/v2\/pages\/10\/revisions"}],"predecessor-version":[{"id":1775,"href":"https:\/\/alampron.com\/english\/wp-json\/wp\/v2\/pages\/10\/revisions\/1775"}],"wp:attachment":[{"href":"https:\/\/alampron.com\/english\/wp-json\/wp\/v2\/media?parent=10"}],"curies":[{"name":"wp","href":"https:\/\/api.w.org\/{rel}","templated":true}]}}